) = 7743*l + 5 - 4 + l**2 - 7744*l. Let v(h) be the third derivative of -h**4/24 + 5*h**3/6 + 2*h**2. Let x be v(5). What is i(x)?
1
Let l(y) = y**3 + 3*y**2 + 2*y + 10. Let d be (-5)/(-2)*(3/(-9))/(9/54). Calculate l(d).
-50
Let n = -768 + 751. Let m(g) = g**3 + 17*g**2 - 4*g - 76. Calculate m(n).
-8
Let h = 2432 + -2441. Let x(g) = g**2 + 11*g - 21. Give x(h).
-39
Let z(b) = -b**3 + 12*b**2. Suppose 3*o = 6*o + 15. Let q(n) = 16*n + 92. Let w be q(o). Calculate z(w).
0
Let f(p) = -32 + 31 - 21 - 3 - 8 + 12*p. Calculate f(2).
-9
Let c(f) be the third derivative of -f**7/2520 - f**6/144 - f**5/20 - f**4/3 - 6*f**2 + 6*f. Let g(p) be the second derivative of c(p). Give g(-5).
-6
Let s = -167 + 197. Suppose 8*u - s = 3*u. Let w(k) = -k**3 + 6*k**2 - 2*k + 4. What is w(u)?
-8
Let v(q) = -q**2 - 3*q - 4. Let l be 2 - (-17 + 2/(-1)). Let d be (-132)/28 - 6/l. Give v(d).
-14
Let p(r) = -184*r + 3. Let i(k) = -413*k + 7. Let y(m) = 4*i(m) - 9*p(m). Let a be 1/(-2)*0 + -2. Calculate y(a).
-7
Let b(a) = -21*a**3 - 32*a**2 + 44*a + 2. Let v(f) = 13*f**3 + 21*f**2 - 29*f - 1. Let j(t) = -5*b(t) - 8*v(t). Determine j(7).
33
Let g(p) be the first derivative of p**4/4 + p**3/3 - p**2/2 + 30*p + 2. Let i(f) = -f**3 - 94*f**2 - 131*f - 3534. Let v be i(-93). What is g(v)?
30
Let m(d) be the third derivative of -d**4/6 + 19*d**3/6 - 11*d**2. Calculate m(8).
-13
Suppose -5*r = 6*r - 121. Let o(i) = -2*i + 2. Let y(z) = -10*z + 11. Let x(m) = r*o(m) - 2*y(m). Determine x(2).
-4
Let w(b) = -5 + b**2 - 3*b**3 + 3*b**3 + b + b**3. Let i = 23 - 13. Suppose -13*q = -i*q. Determine w(q).
-5
Let d(v) = 93*v**2 + 153*v + 252. Let g(f) = 13*f**2 + 22*f + 34. Let c(z) = -2*d(z) + 15*g(z). Determine c(-5).
111
Suppose 70*g + 4 = 74*g. Let k(r) = -r**2 + 5*r - 4. Let p be k(g). Let c(l) = -l**2 + l + 7. Determine c(p).
7
Let d(t) = 93*t**3 - 16*t**2 - 62*t**3 + 28 - 3*t - 30*t**3. Calculate d(16).
-20
Let x = -330763/12 + 27564. Let w(q) be the second derivative of -40*q - 2*q**2 + 0 + 0*q**3 - x*q**4 + 1/20*q**5. Calculate w(5).
-4
Let m(g) = -526*g**2 + 274*g**2 + 394 + 254*g**2 + 61*g. What is m(-21)?
-5
Let m(z) = z**3 + 16*z**2 - 16*z + 2. Let f(t) = -3*t**2 + 18*t - 44. Let w be f(3). Calculate m(w).
-15
Let s(q) = 4*q**2 - 224*q - 236. Let m be s(57). Let z(d) = -d + 1. Let a(y) = -8*y + 12. Let b(g) = -a(g) + 12*z(g). Calculate b(m).
32
Suppose -4*f - 3*c - 110 = 0, 4*f + 2*c = -3*c - 114. Let h be 40/260 + (-22)/f. Let d(u) = -h + u**2 + 6*u - 6 + 1 + 1. Calculate d(-5).
-10
Let v(j) = j**3 + 5. Let k(o) be the second derivative of -o**3/3 - 16*o**2 + 5*o. Let w be (72/(-30))/(9/60). Let s be k(w). Calculate v(s).
5
Let b(h) = -h**2 + 7*h - 3. Let x(y) = -3*y**2 + 20*y - 8. Let t(d) = 17*b(d) - 6*x(d). Let v = 1823 + -1821. Give t(v).
-1
Let o(i) = 44*i**3 - 3*i**2 - 169*i + 29. Let b(g) = -19*g**3 + g**2 + 84*g - 14. Let d(a) = 7*b(a) + 3*o(a). Determine d(8).
-3
Let z(n) = 2*n**2 + 14*n + 19. Suppose -4*q = 4*c + 20, -31 = 2*q + 1258*c - 1263*c. What is z(q)?
35
Let s(a) = -18*a + 34. Suppose 2*t - 14 = -4*g, -4*g + 185 - 174 = t. Give s(g).
-2
Suppose 2*v = 0, 7*u - 5*v = 11*u - 16. Let c be -6*80/(-120)*9/u. Let b(w) = w - 11. Let x(z) = 3*z - 34. Let h(g) = 11*b(g) - 4*x(g). What is h(c)?
6
Let m(p) = -p**2 - 3*p - 1. Let z(c) = -3*c + 28. Let s be z(6). Suppose 0 = -11*u - s - 12. What is m(u)?
1
Let a(b) = 387 + 650 - b**3 - 3*b**2 + b - 1033. Let j = -6 + 3. Calculate a(j).
1
Let g be ((-3)/1 + 1)*9/18 + 2. Let b(p) = 18*p - 2. Let n be (-4)/6 - 50/6. Let q(i) = -9*i + 1. Let z(h) = n*q(h) - 4*b(h). Calculate z(g).
8
Let d(n) = -4*n - 7. Let z = -1768 + 1761. Let x(p) be the first derivative of -3*p**2/2 - 4*p + 3. Let l(i) = z*x(i) + 5*d(i). What is l(4)?
-3
Let g = -7 - -50. Let n = g + -44. Let w(r) = -4*r**2 + 9*r - 8. Let l(s) = s**2 - s + 1. Let x(y) = n*w(y) - 6*l(y). Calculate x(-3).
-7
Let n = -122 + 120. Let w be n/(-1) + (-30)/15. Let z(c) = c**3 - c**2 + c + 1. Let l(p) = 5*p**3 - 3*p**2 + 5*p + 1. Let y(g) = l(g) - 4*z(g). Calculate y(w).
-3
Suppose -50 = 12825*m - 12835*m. Let p(a) = 14*a**2 - 73*a + 7. Calculate p(m).
-8
Let k(i) = -119*i**2 + 5 - 4 + 1 + 118*i**2. Let f be (-1 + 3)*-9*1 - 4. Let g be (-2)/(-3 + f/(-6)). Give k(g).
-7
Let l(q) = -q**3 + 4*q**2 - 2*q + 6. Let z be l(4). Let j be 16 + (4/(-5))/((-14)/35). Let x(g) = 19 - 35 + g + j - 5*g**2. Give x(z).
-20
Let t(v) = v - 2. Let u = -109 + 113. Let o(z) = 14*z - 4. Let i(b) = u*t(b) - o(b). Determine i(-5).
46
Let c(p) = 0 - 2 + 2*p**2 + p**3 + p + 1. Let i be 1 - 25 - 2838/(-129). Determine c(i).
-3
Let m(p) be the second derivative of -p**5/20 - p**4/4 + 5*p**3/6 + 4*p**2 + 378*p - 4. What is m(-5)?
33
Let n(u) = -9*u**3 + 10*u**2 - 6*u - 54. Let w(z) = 32*z**3 - 29*z**2 + 18*z + 156. Let p(h) = 7*n(h) + 2*w(h). Determine p(-12).
6
Let o(s) = -7*s - 72. Let i(l) = -l**2 - 27*l - 12. Let u be i(0). Give o(u).
12
Let w(t) = 4*t + 109. Let i(c) = 2*c + 49. Let k(d) = 11*i(d) - 5*w(d). Suppose -u - u = -12. Give k(u).
6
Let x(s) = s**2 - 10*s + 4. Let g(h) = -2*h**2 + 20*h - 7. Let m(l) = -3*g(l) - 7*x(l). Suppose 3*o - 4*a + 24 = 0, -5*o - 32165 = -5*a - 32145. Determine m(o).
9
Let c(n) be the third derivative of -n**5/30 - n**4/4 + 20*n**3/3 + 18*n**2 - 3. Let g be c(3). Let y(s) = -s**3 + 4*s**2 + s + 1. Give y(g).
5
Suppose -737*v + 19 = -738*v + 4*j, 0 = -4*v + 3*j - 24. Let m(b) = -b**3 - 6*b**2 - 4*b + 9. What is m(v)?
-6
Let a be (45/35)/((-45)/(-630)). Let z(f) be the first derivative of -2*f - 1/4*f**4 - a - 3/2*f**2 - 5/3*f**3. Determine z(-4).
-6
Suppose 2*i + 74 = -64. Let w(l) = 5*l**2 - 21*l + 15. Let n be w(6). Let s = n + i. Let d(o) = -o**2 - o - 10. Calculate d(s).
-10
Let y(u) = 44*u - 168. Let f be (-702)/72 + (11 - 1) + (-15)/(-4). Determine y(f).
8
Let t(x) be the first derivative of -x**5/60 - x**3/6 - 45*x**2/2 - 4. Let g(k) be the second derivative of t(k). Calculate g(-4).
-17
Let o(h) = -4 - 3 - 4*h + 7. Let w(a) = a**3 - 9*a**2 - 11*a + 4. Let n be w(10). Give o(n).
24
Suppose -2*y - 16*y = 13*y + 31. Let f(d) = 3. Let p(m) = m + 1. Suppose -3 = 3*z - 0*z. Let j(n) = z*f(n) + 4*p(n). What is j(y)?
-3
Let m(t) = 8*t - 19. Let c(l) = 40*l + 1243. Let w be c(-31). Calculate m(w).
5
Let z(l) = -18313*l + 18331*l - 178 + 52. What is z(7)?
0
Let d(x) = x**3 - 2*x**2 - 9*x - 4. Let p(f) = 4 + f**2 + 19*f**2 - 18*f**2 - f**3 + 8*f. Let t(h) = 5*d(h) + 6*p(h). Determine t(4).
-16
Let h = 78 - 53. Suppose 5*r - 5*o = -h, r - 2*o + 1 = -6. Let n(z) be the third derivative of -z**6/120 - z**5/20 + z**4/24 + z**3/6 + 12*z**2. Determine n(r).
-2
Let m(p) = 5*p**2 + 2*p - 1. Let b be 1*(4 - 5) + (-3 - 0). Let l be (-9)/(-72) - b/((-96)/(-21)). Give m(l).
6
Let h(p) be the first derivative of -p**2/2 + 11*p - 2. Suppose -9*n - 25 = -106. Suppose n*g = 6*g + 27. Determine h(g).
2
Let h(q) = 2*q - 3. Let v = -539 + 542. Determine h(v).
3
Let n(z) = -4*z - 5. Let d = 47 + -44. Let s(j) = 11*j + 17. Let x(m) = d*s(m) + 8*n(m). Determine x(11).
22
Let y(d) be the first derivative of d**3/3 + 6*d**2 + 14*d + 4155. Suppose -27 - 23 = 5*p. Determine y(p).
-6
Let m(x) = 122*x - 405*x + 134*x + 117*x + 105. What is m(3)?
9
Suppose 0 = -6*j + 7*j - 2. Let f(o) = -2*o - 7*o**3 + j*o**2 + 7*o**3 - 7*o**3 - 1 - 2*o**2. Give f(-1).
8
Suppose 6*w - w + 5 = 0. Let a(u) = -u - 1. Let o(z) = -2*z + 3. Let r(p) = w*o(p) - 2*a(p). Let k(y) = 70*y + 1122. Let v be k(-16). Give r(v).
7
Let v(r) = -r - 19. Let l = -317 - -323. Let i(y) = -2*y + 12. Let u be i(l). What is v(u)?
-19
Suppose -2*m - 63 = -x - 54, 0 = 2*x - 2*m - 6. Let r(y) = 0 + y**2 + 1 + y - 2*y**2. What is r(x)?
-11
Let s(x) be the third derivative of x**4/3 + x**3/3 + 102*x**2 + 5*x. What is s(-2)?
-14
Let m(x) = 7*x - 3*x - 5*x. Let t(y) = -10*y - 4. Let i(z) = 5*m(z) - t(z). Let h be i(-1). Let v(b) = -6*b + 1. Determine v(h).
7
Let j(k) = 6 + 17*k**3 + 7*k - 24*k**3 + 8*k**2 + 10*k**3 - 2*k**3 + 0*k**3. Give j(-6).
36
Let r(x) = -x**3 - 14*x**2 + 17*x + 4. Let u(v) = -472*v + 2345. Let d be u(5). Calculate r(d).
-26
Let h(i) = -i + 7. Let c(x) = -x**2 - 5*x + 16. Let t = -15 + 17. Let y be (t + 0/(-1))*(-9)/(-6). Let n be c(y). What is h(n)?
15
Let b(u) = 12*u**2 - 21*u - 29. Let l(d) = -17*d**2 + 26*d + 47. Let y(